 the highest common factor of v and r?
10
Let q(l) = 3*l - 5. Let g be q(7). Let w be 40/70 - 2232/(-14). Calculate the highest common factor of g and w.
16
Suppose 19*m - 23*m = -88. What is the greatest common factor of m and 33?
11
Let x(f) = 3*f + 26. Let z be x(10). Suppose i + i = z. Calculate the highest common divisor of i and 168.
28
Let w(k) = -3*k + 7 + 19*k + 6*k - 12*k**2 + 10*k**3 - 9*k**3. Let p be w(10). What is the greatest common divisor of p and 6?
3
Let d(k) = -7*k**2 - 14*k + 27. Let m(s) = -s**2 - s + 1. Let a(w) = d(w) - 6*m(w). Let h be a(-9). What is the greatest common factor of 60 and h?
12
Let d(g) = -g + 11. Let y be d(4). Let s be (-5*y)/(-4 + 3). What is the highest common divisor of s and 105?
35
Let v = -101 - -59. Let u be 28/v - 434/(-3). Let x = u + -89. Calculate the greatest common divisor of 11 and x.
11
Suppose 2616 = 83*y - 24691. What is the greatest common factor of 188 and y?
47
Let y(t) = 2*t**2 - 3 - 2 + 0*t**2 - 4*t**2 - 3*t. Let k be y(4). Let o = -35 - k. What is the highest common factor of 98 and o?
14
Let u be (65/(-3))/((-12)/36). Calculate the greatest common factor of u and 5.
5
Suppose -9 = -w - 6. Let l = w + -11. Let b(s) = s + 16. Let d be b(l). Calculate the highest common divisor of d and 64.
8
Suppose -82 + 18 = -3*r - 2*m, 0 = -3*r + 2*m + 44. Suppose -8*s = -6*s - 24. Calculate the highest common divisor of r and s.
6
Let a(b) = b**2 - b. Let q be a(4). Suppose 0 = 5*s + 164*m - 160*m - 28, -2*s - 4*m + 16 = 0. What is the highest common divisor of q and s?
4
Let z be (-18)/81 - 168/(-27). Calculate the greatest common divisor of 534 and z.
6
Suppose 2*d - 2*f + 11 - 105 = 0, d = 4*f + 56. Suppose b - 356 = -3*i - 27, -4*i + 439 = b. Calculate the greatest common factor of i and d.
22
Suppose 236 = 5*x + 6. What is the highest common factor of x and 460?
46
Suppose 2*o + 5396 = 3*r - 1650, -4*r = 2*o - 9404. What is the greatest common divisor of 50 and r?
50
Let x = -19 - -27. Let l(o) = -o**2 + 9*o - 11. Let a be l(x). Let r be -1 + (a + 92 - 0). Calculate the greatest common factor of r and 11.
11
Let b(q) = 27*q**2 + 1. Let l be b(-1). Let s(h) = 1 + 6 - 2 - 32*h - 1. Let f be s(-6). Calculate the highest common factor of f and l.
28
Let g(t) = -2*t**2 + 23*t - 9. Let h be g(11). Let z(u) = u**3 - 5*u + 8*u + 4 - 9*u**2 + h*u**2. Let c be z(7). What is the highest common divisor of 10 and c?
5
Let o = 223 + -113. Let x(l) = l**3 + 6*l - 2*l**2 + 2*l - 2*l**2 - 3*l - 6. Let d be x(5). Calculate the highest common factor of d and o.
22
Let d(w) = -w**3 + 5*w**2 + 6*w - 3. Let m = 0 - -5. Let y be d(m). Let a(b) = -51*b - 42. Let u be a(-1). Calculate the greatest common factor of y and u.
9
Suppose -3*a + 10 = -4*g - 66, -5*a - 5*g = -150. What is the greatest common divisor of a and 119?
7
Let d(z) = 4*z**2 - 9*z + 6. Let i be d(3). Let x = 563 + -398. What is the greatest common factor of x and i?
15
Suppose 2*i = 80 + 10. Let c = 89 - i. What is the greatest common divisor of 66 and c?
22
Suppose -4*k - 85 - 11 = 0. Let u = -14 - k. What is the greatest common divisor of u and 4?
2
Let c = -475 - -699. Calculate the highest common divisor of c and 64.
32
Suppose 0 = l + h - 2*h - 95, 3*l = -4*h + 306. Let o be (-2)/4*(0 - 84/3). Calculate the greatest common divisor of l and o.
14
Suppose 15 = 120*x - 117*x, 0 = -3*a + 4*x + 5164. Calculate the greatest common divisor of a and 64.
64
Let g(p) = 5*p**2 - 8*p - 9. Let o(l) = -26*l**2 + 40*l + 44. Let d(h) = 11*g(h) + 2*o(h). Let z be d(5). What is the highest common divisor of 6 and z?
6
Let f be -4 + (-4548)/(-54) + 4/(-18). Let d = f + -20. Suppose 53 = 3*g - 4*i, -4*g + 0*i + 52 = 4*i. Calculate the highest common divisor of g and d.
15
Let j = -189 - -299. Let k = 2 + 1. Let a = k - -7. What is the highest common factor of j and a?
10
Let x = -1834 + 1852. What is the highest common factor of x and 1602?
18
Let o(b) be the second derivative of -b**2 + 7/6*b**3 + 0 - 9*b - 1/12*b**4. Let k be o(5). What is the highest common factor of k and 32?
8
Let j = -233 + 285. Let u be (-38)/(-8) + 2/8. Suppose -202 = -u*v - j. What is the highest common divisor of 180 and v?
30
Suppose 4*o - 2*p + 14 = 0, 0*o + 2*p + 21 = -3*o. Let b be 16*(-5)/(-20)*-6. Let z be (135/12)/o*b. Calculate the highest common factor of 6 and z.
6
Let g = -7 - -21. Let w be g - 11 - -1*1. Let l(o) = 3*o**3 - 5*o**2 + 4*o. Let t be l(w). Calculate the greatest common factor of t and 16.
16
Suppose -5 = g, a - 141 = -5*g + 120. Calculate the highest common factor of a and 22.
22
Suppose -x = -0*x - 8. Let r = -44 + x. Let z be (1680/r)/((-2)/6). Calculate the greatest common divisor of z and 28.
28
Let l = -782 - -834. What is the greatest common divisor of 8 and l?
4
Let a(v) = 15*v + 114. Let m(f) = -3*f - 23. Let h(p) = -2*a(p) - 11*m(p). Let z be h(-3). What is the greatest common divisor of z and 128?
16
Suppose 16*h - 12 = -156. Let j be 22*(h - -5 - -5). What is the highest common divisor of j and 11?
11
Let m be -1 - 3*(36 - 0). Let a be ((1/(-1) - -3) + -136)/2. Let v = a - m. Calculate the greatest common factor of v and 6.
6
Let q be 3*1*(-20)/(-30). Suppose 0 = -q*r + 67 + 73. Calculate the greatest common divisor of r and 10.
10
Let a(x) = 3*x**2 - 8*x - 5. Let v be a(-7). Let d(j) = 45*j - 2. Let u be d(2). Suppose 0*h = -4*h + u. What is the greatest common divisor of h and v?
22
Let l(u) = 59*u - 181. Let w be l(11). What is the greatest common factor of w and 54?
18
Suppose 5*m - 6*m = -6. Suppose 5*p - a = 39, m*p - 44 = 2*p + 4*a. Suppose 1 = f, p = -5*o + 5*f + 17. What is the greatest common factor of o and 3?
3
Let h = 21 + -10. Suppose -7 = -j + h. What is the greatest common factor of j and 18?
18
Let l(s) be the second derivative of -s**5/20 + 3*s**4/4 - s**3 + 9*s**2/2 - 3*s. Let d be l(6). What is the greatest common divisor of d and 9?
9
Let z = 6 + -1. Suppose o - 6 = 4*y, z*o - 8 - 1 = -y. Suppose -183 = -o*h + 41. What is the highest common factor of h and 14?
14
Let m be ((-4 - -6) + 44)/((-1)/(-10)). Calculate the highest common factor of 276 and m.
92
Let k(x) = -x**3 - 4*x**2 - 2*x - 1. Let o be k(-2). Let c be (1/3)/(o/(-135)) - 0. Calculate the greatest common divisor of 18 and c.
9
Let t be (0 - -9)*(-32 + -4). Let o = -144 - t. What is the highest common divisor of 20 and o?
20
Let w be (-84)/(-2) + (-12 - -11). Suppose 2*b - w - 179 = 0. Calculate the highest common divisor of 10 and b.
10
Suppose -2394 = 12*g - 26*g. Calculate the highest common factor of 228 and g.
57
Let a be 5*(-4)/(-60) + 70/6. Suppose -2*g = a - 16. Suppose -4*l + l + 20 = m, 4*m - 3*l - 5 = 0. What is the greatest common factor of g and m?
1
Let r be 1 + 2 - (5 - 4). Let s(b) = 14*b**2 + 0*b - 13*b**r - b - 3 + 9*b. Let i be s(-11). Calculate the highest common divisor of 6 and i.
6
Suppose -5*f = f - 72. Suppose f*v + 0*v - 2484 = 0. Calculate the greatest common divisor of v and 23.
23
Suppose 15 = 3*n + l, -3*l - l - 42 = -5*n. Let t be (2 - (-206)/n) + 10/(-30). Let q = 6 + -2. Calculate the highest common factor of t and q.
4
Let n(i) = 15*i - 25. Let w be n(17). What is the highest common factor of 23 and w?
23
Let a be (42/9)/((-4)/6). Let n(o) = -10*o + 18. Let x be n(a). What is the greatest common factor of x and 8?
8
Let y(x) be the second derivative of x**5/20 - 5*x**4/4 - 7*x**3/3 + 15*x**2/2 - 25*x. Let t be y(16). What is the greatest common divisor of 517 and t?
47
Let m(i) = -207*i**3 + 3*i**2 + 2*i + 1. Let k be m(-2). Calculate the highest common factor of k and 37.
37
Let c(v) = 3*v**3 - 5*v**2 + 4*v + 7. Suppose 5*w - 4*h = h, 3*w - h - 8 = 0. Let r be c(w). Calculate the highest common factor of 54 and r.
27
Suppose 5*f + 2 - 4 = 2*i, -f - 1 = i. Let q = 0 - i. Let u be 14 - (-2 + 2)/q. What is the greatest common divisor of u and 21?
7
Suppose 549 = 2*g + 123. Calculate the highest common divisor of 142 and g.
71
Suppose -3*m - 20 = 2*m. Let z be 0 - 0 - m - -7. Suppose 2*p = -8, 27 + z = o + 4*p. Calculate the highest common divisor of o and 36.
18
Suppose -2*k + 828 = -6*k - 5*v, v = 0. Let y = 350 + k. Let x(l) = l + 7. Let b be x(6). Calculate the greatest common factor of b and y.
13
Let l(i) = i**2 - 8*i + 7. Su